en h(-7) is divided by r?
15
Suppose 3*b = 4 + 8. Calculate the remainder when b is divided by 2.
0
Suppose -46 = -4*k + 30. What is the remainder when 36 is divided by k?
17
Let b(o) = 9*o**2 - 2*o + 1. Let y = 8 + -5. Let x(k) = 9*k - 4. What is the remainder when x(y) is divided by b(1)?
7
Suppose j - 16 = 3*j. Let d = 12 + j. Suppose 0 = -d*k + 3*k + 21. What is the remainder when 61 is divided by k?
19
Suppose -5*x - 60 = -0*x. What is the remainder when 147/12 + 3/x is divided by 7?
5
Let m(s) = 4*s**2 - 4*s - 9 + 10 - 2*s**2. What is the remainder when m(-3) is divided by 8?
7
Let j(p) = -14*p - 5. Let u(m) = m - 15. Let w be u(11). Suppose 0 = -c + 5*c - 52. Calculate the remainder when j(w) is divided by c.
12
Suppose 30 - 84 = -2*a. What is the remainder when a is divided by 7?
6
Suppose -5*o + 50 = -20. Let p(c) = -c - 2. Let r be p(-4). Suppose -r*y = -7*y + 135. Calculate the remainder when y is divided by o.
13
Suppose 0 = t - 4*t + 84. Calculate the remainder when t is divided by 2 + 1 + 2 + 10.
13
Let h = 130 + -93. Suppose -97 = -3*g - 2*g - 2*m, g - 22 = -3*m. Calculate the remainder when h is divided by g.
18
Let q = 51 - 19. What is the remainder when q is divided by 9?
5
Let w(l) be the first derivative of -l**3/3 + 2*l**2 + 4*l - 4. Suppose -3*c + 5 = -13. What is the remainder when c is divided by w(4)?
2
Suppose -5*z + 22 = -13. What is the remainder when 20/2 - 2/(-1) is divided by z?
5
Let w be (-2 + 1 + 2)*0. Let n(q) = q**2 + q + 13. Suppose 2*x = 2*f - 12, 2*f - f = 2*x + 7. Calculate the remainder when n(w) is divided by f.
3
Suppose 5*i = 3*q - 15, 0*q - 4*q + 4*i = -28. Let d = -59 + 98. What is the remainder when d is divided by q?
9
What is the remainder when 9 is divided by 50/(-15)*6/(-5)?
1
Let g(u) = 2*u**2 - 2*u + 5. Calculate the remainder when 3/(-15) + (-331)/(-5) is divided by g(-2).
15
Let t(j) = -j**2 - 13*j - 15. Let u be t(-11). Suppose -2*n - 20 = -u*n. Suppose 2 = 3*q - 4. What is the remainder when n is divided by q?
0
Let b = 8 - -3. Suppose 0*a = 5*a. Suppose h + 4*t - 32 + 4 = 0, -t - 1 = a. What is the remainder when h is divided by b?
10
Suppose 0 = l + 3*m - m, 5*m = -l - 3. Suppose -3*f + l*q - 242 = 3*q, -f - 78 = 3*q. Let b = f + 125. Calculate the remainder when b is divided by 15.
14
Suppose 27 = 2*o - 9. Let m = 36 - o. Calculate the remainder when 34 is divided by m.
16
Suppose 0 = -3*x + 2*x. Let u = 0 + x. Suppose u*g + 27 = 3*g. What is the remainder when 17 is divided by g?
8
Let d(p) = p - 2. Let r be d(8). Let s = 22 + r. Calculate the remainder when s is divided by 15.
13
Suppose 0 = m + m - 88. Suppose 2*o = -2*r - o + 26, 3*r - m = -2*o. Calculate the remainder when r is divided by -1 + 4 + -3 - -9.
7
Let j = -22 + 29. Calculate the remainder when j is divided by 3.
1
Suppose -u - 2*w = -39, -5*u = -5*w + 7 - 232. What is the remainder when u is divided by 15?
13
Let o = 90 + -84. Calculate the remainder when 7 is divided by o.
1
Suppose -5*r - 99 = -3*o + 35, -4*r + 152 = 3*o. Suppose -3*s = -0*s - o. What is the remainder when 31 is divided by s?
15
Let d(p) = -p - 14. Let k be d(-8). Let t = 8 + k. Suppose -t*b = -s - 12, 2*b = -5*s + 10 + 2. Calculate the remainder when 23 is divided by b.
5
Suppose -t + 5 = 4*j + 2*t, j - 2*t = 4. Suppose -3*s = 2*z - 3, -3*s - 2*s + j*z + 21 = 0. Calculate the remainder when 4 is divided by s.
1
Suppose -6 - 3 = 3*c, -c + 39 = 3*g. Calculate the remainder when (5/(-4))/(2/(-40)) is divided by g.
11
Let c = 4 - -4. What is the remainder when c is divided by 6?
2
Let p(z) = -3 - z - 2*z - 2 + 4. Calculate the remainder when 38 is divided by p(-7).
18
Suppose 154 = -5*j - z, -3*j + 0*z + 4*z = 74. Suppose q + q = 58. What is the remainder when q is divided by -7*(-7)/((-147)/j)?
9
Let n be (-2)/2*34*-2. Let a = 100 - n. Let k = 43 - 26. What is the remainder when a is divided by k?
15
Suppose -6*j + j = -100. Calculate the remainder when 79 is divided by j.
19
Let u(f) = -16*f**2 + 114*f + 5. Let r(g) = 17*g + 4. What is the remainder when r(3) is divided by u(7)?
17
Let p(w) = -w + 3. Let l be 0 - (-1)/(-1)*3. What is the remainder when p(l) is divided by 2?
0
Suppose 2*w - 141 + 35 = 0. Calculate the remainder when w is divided by 14.
11
Let s be (-4)/(7 + -3) + 22. Let k = s - 10. What is the remainder when 19 is divided by k?
8
Let r = -193 + 204. What is the remainder when 41 is divided by r?
8
Suppose 5*l + 2*u = 138, -5*u - 67 - 43 = -5*l. Suppose 0 = 2*c + 5*b - 10 + 3, 4*c - 2*b - l = 0. Calculate the remainder when 11 is divided by (-4)/c + 42/9.
3
Suppose -10 = -3*g - 2*g. Let a be (-1)/3*48/(-4). Suppose -a*d + 20 = -4*u, 2*d + 2 - 8 = -2*u. What is the remainder when d is divided by g?
0
Let b be (-3996)/28 - 2/7. Let i = b + 217. Calculate the remainder when i is divided by 25.
24
Let u = 0 - 4. Let s be (-2 - u)*(0 - -1). What is the remainder when (s + (-21)/9)*-3 is divided by 1?
0
Suppose 0 = -5*l + 125 - 10. Let n = 14 + l. What is the remainder when n is divided by 20?
17
Let y = -12 + 27. Let j be -5 + (-2 - (1 - 1)). Let l = j - -15. What is the remainder when y is divided by l?
7
Suppose -2*i = 3*s + 38, 0*s - s = -2*i + 10. Let c be 2/s + 1046/12. Suppose 2*p - c = -p. What is the remainder when p is divided by 15?
14
Suppose 2*s = -4*a + 144, -150 = -5*a - 2*s + 7*s. Let v(q) be the first derivative of q**3/3 - 4*q + 1. Calculate the remainder when a is divided by v(4).
10
Suppose 5*y - 5*r = -r + 210, y - r = 41. Suppose -v + 12 = -0*v. Calculate the remainder when y is divided by v.
10
Suppose 148 = 13*s - 268. What is the remainder when s is divided by 9?
5
Suppose -16 - 18 = -2*j. Let v = j + -10. Calculate the remainder when v is divided by 3.
1
Suppose 41 = 4*n - 35. What is the remainder when 35 is divided by n?
16
What is the remainder when 25 is divided by (21/12)/((-2)/(-16))?
11
Let i(m) = 5*m - 5. Calculate the remainder when i(3) is divided by 4.
2
Suppose -b = -2*b + 24. What is the remainder when (2/3)/((-1)/(-105)) is divided by b?
22
Let y(u) = u**3 - u**2 + u + 12. What is the remainder when 20 is divided by y(0)?
8
Let w(k) = k**3 + 2*k + 27. Suppose -3*q - f + 4*f = 0, -f = 0. Calculate the remainder when 80 is divided by w(q).
26
Suppose 0 = 4*z + 5*o + 7, 6*o = 4*z + 3*o - 17. Suppose m = -0*m + z. Calculate the remainder when 7 is divided by m.
1
Let k = 1 - 6. Let h(d) = -6*d + 8 - 2 - 2. What is the remainder when h(k) is divided by 12?
10
Suppose 22 - 6 = 4*m. Calculate the remainder when 6 is divided by m.
2
Let i = 79 + -62. What is the remainder when 82 is divided by i?
14
Let d = -12 + 9. Let l(c) = -3*c**3 - 2*c**2 + 3. Calculate the remainder when l(d) is divided by 17.
15
Suppose 5*w + 5*m - 55 = -0*m, -2*w + 3*m = -32. Calculate the remainder when w is divided by 4.
1
Let d = -91 + 153. Calculate the remainder when d is divided by 22.
18
Suppose 4*i - 28 = -8. Suppose -73 = -i*l - 18. What is the remainder when l is divided by 3?
2
Let o(p) = -p**3 - 11*p**2 - 6*p + 13. Let m(y) = 3*y**3 + 32*y**2 + 18*y - 38. Let g(n) = -6*m(n) - 17*o(n). What is the remainder when g(-5) is divided by 10?
7
Let x = -34 - -132. Suppose -5*n - x + 273 = 0. Suppose -100 + n = -5*q - 4*i, -5 = -i. Calculate the remainder when 16 is divided by q.
7
Suppose 1087 = 4*l + 431. Suppose 4*i - 116 = 3*z, -4*i - z = i - l. What is the remainder when i is divided by (-104)/(-6) - 2/6?
15
Let v = -103 + 122. Calculate the remainder when 245 is divided by v.
17
Let n(q) = 6*q**2 + 10*q - 1. Let y(v) = 13*v**2 + 21*v - 3. Let g(j) = 9*n(j) - 4*y(j). Calculate the remainder when g(-4) is divided by 3.
2
Suppose -2*y + 6*y = 0. Suppose 2*b + 10 = 0, -2*a + y*b + 30 = -2*b. Calculate the remainder when 28 is divided by a.
8
Let k(a) = -a**3 + 5*a**2 + 8*a - 8. Let z be 1/(1/2) - -71. Suppose -5*t = -z + 23. What is the remainder when t is divided by k(6)?
2
Suppose 19 = 2*v - 19. Let d(a) = -36*a + 2. Calculate the remainder when d(-2) is divided by v.
17
Let m(q) = 3*q**2 - 4*q + 1. Let h(w) = -2*w**2 + 5*w - 2. Let y(a) = -4*h(a) - 3*m(a). What is the remainder when 13 is divided by y(-8)?
3
Let n(f) = f**3 + 6*f**2 - 8*f + 9. Calculate the remainder when n(-7) is divided by 10.
6
Let d(p) be the third der